 d**4/24 - d**3/6 - d**2. Determine c(p).
-6
Suppose -2*o = 4*z - 22, o + 4 = 5*z - 6. Suppose -f = o*f + 12. Let u(q) = -q**3 + q**2 - 2*q - 3. What is u(f)?
13
Suppose 54 - 33 = 7*w. Let k(q) = -2*q**2 - q + 15. Calculate k(w).
-6
Let j(t) = -11*t**3 + t**2. Let y = -61 - -71. Suppose -4 = -y*d + 6. What is j(d)?
-10
Let i be (-2 - -8) + -3 + -1 + 4. Suppose -i*j + 7*j + 4 = 0. Let v(g) = -g**3 - 3*g**2 + 5*g + 2. Determine v(j).
-2
Let v(s) be the first derivative of s**4/4 - 14*s**3/3 - 7*s**2 - 7*s - 13. Give v(15).
8
Let w = 11 - 15. Let h(g) = 15*g - 8. Let k(f) = -5*f + 3. Let t(c) = -6*h(c) - 17*k(c). Let d(o) = -o**2 - o. Let l(u) = -d(u) - t(u). Give l(w).
-5
Let s be -1 + ((-15)/9 + 1)*-6. Let d(k) = -41*k**3 - 6*k**2 - 42*k**s + 82*k**3 - 8 + 4*k. What is d(-7)?
13
Let y(c) be the first derivative of -c**2 - 5/3*c**3 + 6 + 1/4*c**4 + 7*c. Let o be 6*1 + -2 + 1. Give y(o).
-3
Let y(h) be the third derivative of -7*h**6/120 + h**5/30 + h**4/24 + 9*h**2. Let k be (1 - (0 + 0))*6/(-6). What is y(k)?
8
Let q(l) = -l**3 + l + 3. Suppose 2*s = j - 65, -s - 3 = -2. Let b = j + -60. Give q(b).
-21
Let x(k) = k**2 + 13*k + 4. Suppose 4*y - 2*h + 32 = 2, 5*y + 45 = h. Calculate x(y).
-26
Let z(c) = -c**2 + 8*c - 12. Let u = -79 + 88. Calculate z(u).
-21
Let j(c) be the third derivative of -c**6/120 + 7*c**5/60 + c**4/12 - 10*c**3/3 + 56*c**2 - 1. Give j(7).
-6
Let x = 6 + -4. Suppose 0 = -u - 3*u + 8. Let z(t) = -u - 4*t + 2 + 5*t. Determine z(x).
2
Let o(h) = h**2 + 2*h + 1. Let u be ((-27)/(-18))/((-1)/(-6)). Let i = 4 - u. Let y = 7 + i. Give o(y).
9
Let x(o) be the first derivative of -o**5/60 + 7*o**4/24 + o**3/2 - 9*o**2/2 + 11. Let p(d) be the second derivative of x(d). Give p(4).
15
Let x(g) = 6*g - 10 - 8*g**2 + 19*g**2 - 2*g**2 - 8*g**2. Give x(-8).
6
Suppose t - 13*t = 0. Let w(q) be the third derivative of 1/12*q**4 + 5/6*q**3 + 0 + t*q + 2*q**2. Calculate w(-6).
-7
Let c(x) be the third derivative of -x**4/24 - x**3/3 - x**2. Suppose -41*d - 48 = -35*d. Determine c(d).
6
Suppose 3*h - 22 = -16. Let g(a) = 7*a + 3 + 29*a**h + 3 - 28*a**2. Determine g(-5).
-4
Let b(q) = q**2 - 6*q + 1. Let s(m) = -1 + 6 - 1 + m**3 + 10*m**2 + 0*m**3. Let n be s(-10). Let r be b(n). Let k(t) = -t**2 - 5*t + 9. Give k(r).
-5
Suppose 0 = 4*s - 8*s + 16. Let v(o) be the third derivative of -o**6/120 + o**5/15 + 19*o**2. Calculate v(s).
0
Let f be -6*(-3)/54*(-4 - 2). Let r(p) be the second derivative of -p**4/4 - p**3/2 - p**2/2 - 2*p. Determine r(f).
-7
Let x(y) = 2*y - 2. Let u(c) be the first derivative of -c - 1/2*c**2 + 6. Let v(r) = 4*u(r) + x(r). Calculate v(-6).
6
Let v(k) = k - 5. Let u(p) = -3*p + 8. Let l(q) = 1. Let y(n) = -4*l(n) - u(n). Let d be y(8). Let x = -12 + d. Determine v(x).
-5
Suppose 84*j = 91*j - 21. Let o(w) = -3*w + 4. Let n(p) = -4*p + 5. Let l(h) = 5*n(h) - 6*o(h). Determine l(j).
-5
Let h(r) = r**2 + r - 3. Let a be (1 - -6) + (-11)/44*20. Determine h(a).
3
Let n(u) = 5 + 122*u + 2 + 7 - 121*u. Calculate n(-6).
8
Let d(j) = -j**2 + 2*j + 26. Let c be d(6). Let x(z) = -z - 2. Let y(m) = -3*m - 6. Let o(k) = c*y(k) - 5*x(k). Determine o(5).
-7
Let a(h) = 62*h**2 + 4 - 91*h**2 + 16*h + 28*h**2. Calculate a(16).
4
Let t(u) = -u**2 + 3*u. Let s(y) = y**3 - 2*y**2 - 2*y. Let h(i) = i + 1. Let x be h(2). Let m be s(x). Give t(m).
0
Let w(l) = l - 1. Let b(v) = -5*v**2 - 13*v + 6. Let q(h) = 2*h**2 + 6*h - 3. Let o(y) = 3*b(y) + 7*q(y). Let i(t) = -2*o(t) + 6*w(t). Give i(1).
2
Let p(v) be the first derivative of -v**2/2 - 3*v - 2. Let u be p(-3). Let j(z) be the second derivative of z**4/12 + z**3/6 - 3*z**2 - 3*z. Determine j(u).
-6
Let u(q) = -5*q + 5. Let g(w) = -3*w + 2. Let z(k) = -2*k**2 - 18*k - 5. Let x be z(-9). Let d(b) = x*g(b) + 2*u(b). Calculate d(-1).
-5
Let u(v) = v**3 - 3*v**2 - v + 1. Let d be u(4). Let t(i) = 81 + 4*i**2 - 3*i**2 - 7*i - 82 - 6*i + 0*i**2. Give t(d).
-1
Let x(y) be the third derivative of y**6/120 - y**5/20 - y**4/12 - y**3/2 + 14*y**2 + 5. What is x(4)?
5
Let y(f) = -f**2 + 4*f - 5. Let q = 32 + -16. Suppose -t - 5*x + 15 = 0, -4*t + q = -x - x. Calculate y(t).
-10
Let s = -94 - -91. Let b be 3 + s/3 - 1. Let c(o) be the third derivative of -o**5/60 + o**4/24 - o**2. Determine c(b).
0
Let c(s) be the first derivative of s**4/24 - s**3 - 59*s**2/2 + 9. Let i(r) be the second derivative of c(r). What is i(5)?
-1
Let x = 226 - 226. Let s(m) = m**3 - 2*m + 11. Give s(x).
11
Let w(l) = 12*l + 99. Let z = -2235 + 2227. Calculate w(z).
3
Let r(y) be the third derivative of -y**5/60 + y**4/24 - y**3/3 + 13*y**2. Suppose -11*l + 6*l = 0. What is r(l)?
-2
Let l(p) be the first derivative of p**3/3 + 11*p**2/2 + 10*p + 17. Calculate l(-8).
-14
Suppose 0*a + 6*a + 6 = 0. Let f(o) = -5*o**3 - 3*o**2 + 2*o - 3. Let l(x) = -x**3 + x**2 + x + 1. Let w(g) = a*f(g) + 4*l(g). Give w(-7).
-7
Let q(i) = -i - 6. Let k = 4 - 10. Suppose 5*b + 10*b = 0. Let t = b + k. What is q(t)?
0
Let i(v) = v**3 - 5*v**2 - 5*v - 2. Suppose 7*w - 2*o - 72 = 4*w, -3*o = 5*w - 101. Suppose -18*a - 24 = -w*a. What is i(a)?
4
Let n(s) = -1 + 2*s + 2*s**2 + 0*s**2 + 0. Let j(f) = -92*f + 733. Let w be j(8). Give n(w).
11
Let y be ((-9)/2)/(-9)*0. Let n(h) = -6*h + y*h - 6*h**2 + 7*h**3 + 1 - 6*h**3 + 1. Determine n(7).
9
Let p(a) be the second derivative of a**3/3 + 19*a**2/2 + 254*a. Determine p(-8).
3
Let o(p) = -11*p - 46. Let n be o(-12). Let d = n - 91. Let r(i) = -2*i - 6. Give r(d).
4
Let w = -15 - -19. Let z be ((-36)/(-24))/(3/w). Let o(k) = k**2 + 4*k**z + 5*k + 2 - 3*k**3 + 0*k + 2*k**3. What is o(6)?
-4
Let n(d) = -32*d**3 - 5*d**3 + 3 - 4*d + 36*d**3 + d**2. Let f = 0 - -2. Calculate n(f).
-9
Suppose 3*v + 6 = -d, -3*v = 4*d + 7 + 8. Let h(b) = -b**2 - 2*b - 2. Give h(v).
-1
Let x(c) = -182*c + c**3 + 405*c + 24 - 202*c + 21*c**2. Calculate x(-20).
4
Let l(x) = x + 9. Let s be l(-7). Let r(k) = k**3 + 6*k**2 - 4 + s*k - 9*k**2 + 8*k**2. Determine r(-3).
8
Let j(d) be the first derivative of 1/2*d**2 + 11 + 4*d. Let h(w) = w**3 + 8*w**2 + 3*w + 19. Let v be h(-8). What is j(v)?
-1
Let z(o) be the second derivative of 0*o**2 + 0 + 1/3*o**3 + 7*o. Let p be -2 - 0 - (-4 - -1). Calculate z(p).
2
Let t(m) = m**3 + 11*m**2 - m - 9. Let a = -493 + 482. Determine t(a).
2
Let s = 12 + -7. Suppose -5*v + 7 = 2*z - 3, 8 = s*z + 4*v. Let l(n) = n + 1. Give l(z).
1
Let d(y) = 15*y**2 - y. Let w be 16 + 1 + 8/(-4). Suppose -3 = -w*g + 12*g. What is d(g)?
14
Let h(b) = 5*b. Let f(g) = -11*g - 1. Let q(r) = 3*f(r) + 7*h(r). Let n = 12 + -6. What is q(n)?
9
Let s(v) = -v**2 + v - 2. Suppose 0 = -18*o + 5 - 5. Calculate s(o).
-2
Let m(i) = i**2 - 107 + 100 + i + 0*i + 4*i + 0*i**2. Calculate m(-8).
17
Let a(u) = 12*u - 163. Let z be a(13). Suppose -3*x = -x - 6. Let h(q) = -7*q**2 + q**3 - 2*q**x - q - 6 - 2. What is h(z)?
-1
Suppose 5 = 3*y - 7. Suppose 39 + 69 = 9*u. Suppose 0 = y*i - u + 4. Let h(b) = 3*b - 1. What is h(i)?
5
Let g(k) be the second derivative of 11*k**4/12 - k**3/3 - k**2/2 + 42*k. Give g(-1).
12
Let l be -3*((-25)/3 + 7). Let s(v) be the second derivative of 2/3*v**l + 0*v**2 - 1/6*v**3 + 7*v + 0. Give s(1).
7
Let f(b) = -b**3 - 4*b**2 + 6*b + 3. Suppose -8*r = 2 - 282. Suppose c = 3*d - 4*d + 10, 4*d = -3*c + r. Suppose -4*m = -d*m - 5. Determine f(m).
-2
Let b(g) = -g**3 + 6*g**2 + 9. Let h be b(7). Let a be (-3)/2*h/(-15). Let y(j) = -j - 6. What is y(a)?
-2
Let s(j) = j**3 + 5*j**2 + 6*j - 5. Let f = -1092 + 1087. Give s(f).
-35
Let l(i) be the first derivative of i**4/4 - 8*i**3/3 + 3*i**2 - 22. Let g(o) = o**3 + o**2 + 2*o + 7. Let v be g(0). Determine l(v).
-7
Let q(r) = -2*r + 1. Suppose 5*o = -5*l + 11 - 1, 4*l + 34 = 3*o. Let f(s) = 2*s - 13. Let g be f(o). What is q(g)?
3
Suppose 46 - 459 = -59*n. Let d(p) = -p**2 + 6*p - 6. Give d(n).
-13
Let m(x) be the first derivative of x**3/3 - x**2/2 - 9. Give m(-3).
12
Let m(t) = -t**2 + 13*t - 17. Let s(p) = -10*p - 8. Let w be s(-2). What is m(w)?
-5
Suppose p + 0 - 5 = 0. Let j(w) = w + 22. Let n(x) = -x - 22. Let u(r) = p*n(r) + 6*j(r). Let a be u(-17). Let q(v) = v**3 - 6*v**2 + 3*v - 2. What is q(a)?
-12
Let p(h) = -7*h**2 + 5*h - 7. Suppose 9 - 1 = -4*r. Let q(g) = -3*g**2 + 2*g - 4. Let n(j) = r*p(j) + 5*q(j). Let u(v) = -v**2 + 7*v. Let d be u(7). Give n